90184.
2, 6911273
What are the prime factors of 1054047972?
2, 3, 87837331
List the prime factors of 81684098.
2, 857, 47657
List the prime factors of 221079248.
2, 13, 1062881
What are the prime factors of 1325275544?
2, 31, 47, 67, 1697
What are the prime factors of 4168613953?
7, 19073, 31223
List the prime factors of 339627793.
19, 1997, 8951
List the prime factors of 1038890292.
2, 3, 11, 37, 5749
What are the prime factors of 24100676?
2, 2087, 2887
List the prime factors of 131332538.
2, 3019, 21751
What are the prime factors of 4840873?
271, 17863
List the prime factors of 1628224643.
1628224643
List the prime factors of 112573031.
17, 6621943
List the prime factors of 1498330687.
7, 313, 683857
What are the prime factors of 1204701382?
2, 602350691
List the prime factors of 382115822.
2, 11, 127, 12433
What are the prime factors of 89556094?
2, 101, 443347
List the prime factors of 24560318.
2, 541, 22699
List the prime factors of 2498746266.
2, 3, 23, 1229, 1637
List the prime factors of 67249705.
5, 17, 401, 1973
What are the prime factors of 3481947717?
3, 59, 661, 29761
List the prime factors of 368583803.
7, 52654829
What are the prime factors of 377731353?
3, 125910451
List the prime factors of 225290664.
2, 3, 17, 103, 1787
List the prime factors of 150291654.
2, 3, 79, 317071
List the prime factors of 77704238.
2, 38852119
List the prime factors of 2578432909.
13, 198340993
List the prime factors of 4276238246.
2, 7, 23, 1831, 7253
What are the prime factors of 89241582?
2, 3, 523, 28439
What are the prime factors of 18919597?
167, 193, 587
What are the prime factors of 39366328?
2, 19, 43, 317
What are the prime factors of 121969975?
5, 4878799
List the prime factors of 131752769.
109, 1208741
List the prime factors of 1250063447.
19, 65792813
What are the prime factors of 2439210830?
2, 5, 7, 17, 131, 15647
List the prime factors of 8778225.
3, 5, 117043
What are the prime factors of 864090658?
2, 223, 1109, 1747
List the prime factors of 6961783781.
17, 8807, 46499
List the prime factors of 1480808670.
2, 3, 5, 11, 4487299
What are the prime factors of 2132705332?
2, 59, 9036887
List the prime factors of 48988645.
5, 17, 41, 14057
List the prime factors of 48325865.
5, 7, 191, 7229
What are the prime factors of 843317101?
11, 83, 167, 5531
What are the prime factors of 7775244?
2, 3, 71993
List the prime factors of 171403573.
11, 37, 151, 2789
What are the prime factors of 428291855?
5, 23, 3724277
What are the prime factors of 161568406?
2, 193, 223, 1877
What are the prime factors of 40171615?
5, 11, 53, 13781
List the prime factors of 99381791.
293, 339187
What are the prime factors of 81002772?
2, 3, 367, 6131
List the prime factors of 206278939.
97, 2126587
What are the prime factors of 672614400?
2, 3, 5, 29, 151
What are the prime factors of 181821108?
2, 3, 7, 19, 37, 3079
What are the prime factors of 53197121?
53197121
What are the prime factors of 260401484?
2, 7, 189797
List the prime factors of 198270087.
3, 37, 1786217
List the prime factors of 1105998308.
2, 17, 3733, 4357
What are the prime factors of 712173666?
2, 3, 157, 756023
List the prime factors of 1477659802.
2, 738829901
List the prime factors of 375174117.
3, 37, 1126649
What are the prime factors of 113905580?
2, 5, 5695279
What are the prime factors of 3403303282?
2, 83, 1627, 12601
List the prime factors of 33165443.
31, 1069853
What are the prime factors of 3675691976?
2, 11, 59, 707953
List the prime factors of 1415009761.
11, 691, 186161
What are the prime factors of 35391223?
7, 29, 313, 557
List the prime factors of 8181533.
19, 491, 877
List the prime factors of 76010884.
2, 31, 41, 14951
List the prime factors of 635017840.
2, 5, 41, 193603
List the prime factors of 136403794.
2, 1217, 56041
What are the prime factors of 1653141692?
2, 503, 821641
List the prime factors of 1053393254.
2, 526696627
List the prime factors of 1400852341.
7, 199, 1005637
List the prime factors of 1036732471.
17, 7069, 8627
What are the prime factors of 835894760?
2, 5, 17, 1229257
What are the prime factors of 2647217856?
2, 3, 13787593
What are the prime factors of 1472526994?
2, 383, 641, 2999
What are the prime factors of 780774948?
2, 3, 3989, 5437
List the prime factors of 25898348.
2, 7, 127, 7283
List the prime factors of 430914996.
2, 3, 59, 202879
What are the prime factors of 2008536?
2, 3, 83689
List the prime factors of 863997547.
7, 83, 109, 1949
List the prime factors of 42348900.
2, 3, 5, 11, 41, 313
List the prime factors of 488809041.
3, 7, 17, 23, 59, 1009
What are the prime factors of 45448825?
5, 53, 34301
What are the prime factors of 4150240148?
2, 19, 163, 335021
What are the prime factors of 16667654?
2, 131, 63617
List the prime factors of 700859787.
3, 73, 113, 127, 223
List the prime factors of 755337828.
2, 3, 7, 29, 43, 7211
List the prime factors of 155512233.
3, 2531, 6827
What are the prime factors of 109010156?
2, 23, 1184893
List the prime factors of 1247865479.
7, 178266497
List the prime factors of 40559048.
2, 5069881
What are the prime factors of 49659266?
2, 1103, 22511
What are the prime factors of 87211352?
2, 29, 199, 1889
What are the prime factors of 5126842205?
5, 113, 9074057
What are the prime factors of 3417805976?
2, 13, 2527963
List the prime factors of 2005366053.
3, 17, 229, 171707
List the prime factors of 477869220.
2, 3, 5, 98327
What are the prime factors of 3008826?
2, 3, 41, 151
List the prime factors of 93308864.
2, 11, 132541
List the prime factors of 42545541.
3, 19, 746413
What are the prime factors of 72466132?
2, 18116533
List the prime factors of 2365989701.
167, 14167603
List the prime factors of 4566307971.
3, 16759, 90823
What are the prime factors of 64936348?
2, 16234087
List the prime factors of 891057619.
3167, 281357
List the prime factors of 4977105.
3, 5, 7, 107, 443
What are the prime factors of 1141888683?
3, 13, 293, 99929
List the prime factors of 34208889.
3, 11, 13, 23, 3467
What are the prime factors of 102456715?
5, 20491343
What are the prime factors of 97756?
2, 24439
List the prime factors of 69452585.
5, 241, 57637
What are the prime factors of 5426398513?
5426398513
List the prime factors of 7023887075.
5, 280955483
List the prime factors of 952895231.
952895231
List the prime factors of 116657442.
2, 3, 11, 277, 709
What are the prime factors of 86439796?
2, 23, 173, 5431
What are the prime factors of 257778178?
2, 7, 1109, 16603
List the prime factors of 3098712870.
2, 3, 5, 11, 43, 83, 877
What are the prime factors of 1472485051?
1472485051
List the prime factors of 136221218.
2, 7, 9730087
List the prime factors of 284122217.
8713, 32609
List the prime factors of 177503694.
2, 3, 29583949
What are the prime factors of 452202742?
2, 29, 7796599
List the prime factors of 196289142.
2, 3, 7, 4673551
List the prime factors of 54854342.
2, 17, 1613363
What are the prime factors of 147532470?
2, 3, 5, 593, 8293
List the prime factors of 96798038.
2, 48399019
List the prime factors of 1074414303.
3, 119379367
What are the prime factors of 347385677?
347385677
List the prime factors of 52025246.
2, 7, 13, 29, 9857
What are the prime factors of 91251398?
2, 7, 37, 176161
List the prime factors of 578093680.
2, 5, 103, 70157
What are the prime factors of 4337755792?
2, 71, 3818447
What are the prime factors of 268144454?
2, 19, 163, 43291
List the prime factors of 2325963961.
2325963961
List the prime factors of 7288495563.
3, 211, 11514211
What are the prime factors of 6510605605?
5, 7, 186017303
What are the prime factors of 73991064?
2, 3, 7, 29, 15187
List the prime factors of 1555611907.
251, 673, 9209
What are the prime factors of 4852376144?
2, 7, 11, 103, 38239
List the prime factors of 509070346.
2, 37, 6879329
What are the prime factors of 2414809491?
3, 23, 107, 379, 863
List the prime factors of 230428536.
2, 3, 13, 23, 163, 197
What are the prime factors of 1351514899?
7, 991, 194827
What are the prime factors of 1186603261?
13901, 85361
List the prime factors of 536048272.
2, 1459, 22963
What are the prime factors of 4936892558?
2, 13, 71, 205721
What are the prime factors of 197121474?
2, 3, 11, 977, 1019
What are the prime factors of 6677165?
5, 11, 121403
